{"id":7671,"date":"2024-03-09T18:17:54","date_gmt":"2024-03-09T18:17:54","guid":{"rendered":"https:\/\/koylio-seura.fi\/?page_id=7671"},"modified":"2025-08-11T09:22:16","modified_gmt":"2025-08-11T09:22:16","slug":"pori-rauman-seutu","status":"publish","type":"page","link":"https:\/\/koylio-seura.fi\/?page_id=7671","title":{"rendered":"Pori-Rauman seutu"},"content":{"rendered":"\t\t<div data-elementor-type=\"wp-page\" data-elementor-id=\"7671\" class=\"elementor elementor-7671\" data-elementor-post-type=\"page\">\n\t\t\t\t\t\t<section class=\"elementor-section elementor-top-section elementor-element elementor-element-5f34a1d elementor-section-boxed elementor-section-height-default elementor-section-height-default\" data-id=\"5f34a1d\" data-element_type=\"section\">\n\t\t\t\t\t\t<div class=\"elementor-container elementor-column-gap-default\">\n\t\t\t\t\t<div class=\"elementor-column elementor-col-100 elementor-top-column elementor-element elementor-element-ffba4fd\" data-id=\"ffba4fd\" data-element_type=\"column\">\n\t\t\t<div class=\"elementor-widget-wrap elementor-element-populated\">\n\t\t\t\t\t\t<div class=\"elementor-element elementor-element-f84e7d6 elementor-widget elementor-widget-accordion\" data-id=\"f84e7d6\" data-element_type=\"widget\" data-widget_type=\"accordion.default\">\n\t\t\t\t<div class=\"elementor-widget-container\">\n\t\t\t\t\t\t\t<div class=\"elementor-accordion\">\n\t\t\t\t\t\t\t<div class=\"elementor-accordion-item\">\n\t\t\t\t\t<div id=\"elementor-tab-title-2601\" class=\"elementor-tab-title\" data-tab=\"1\" role=\"button\" aria-controls=\"elementor-tab-content-2601\" aria-expanded=\"false\">\n\t\t\t\t\t\t\t\t\t\t\t\t\t<span class=\"elementor-accordion-icon elementor-accordion-icon-left\" aria-hidden=\"true\">\n\t\t\t\t\t\t\t\t\t\t\t\t\t\t\t<span class=\"elementor-accordion-icon-closed\"><i class=\"fas fa-plus\"><\/i><\/span>\n\t\t\t\t\t\t\t\t<span class=\"elementor-accordion-icon-opened\"><i class=\"fas fa-minus\"><\/i><\/span>\n\t\t\t\t\t\t\t\t\t\t\t\t\t\t<\/span>\n\t\t\t\t\t\t\t\t\t\t\t\t<a class=\"elementor-accordion-title\" tabindex=\"0\">7.8.2025 Yst\u00e4v\u00e4tapaaminen Raumalla klo 10 Kontion kahvilassa ja sitten Rauma Festivon Carpe-diem! -p\u00e4iv\u00e4n ohjelmat<\/a>\n\t\t\t\t\t<\/div>\n\t\t\t\t\t<div id=\"elementor-tab-content-2601\" class=\"elementor-tab-content elementor-clearfix\" data-tab=\"1\" role=\"region\" aria-labelledby=\"elementor-tab-title-2601\"><div class=\"xdj266r x14z9mp xat24cr x1lziwak x1vvkbs x126k92a\"><div dir=\"auto\"><a href=\"https:\/\/koylio-seura.fi\/wp-content\/uploads\/2025\/08\/kollaasi-osallistujista.jpeg\"><img fetchpriority=\"high\" decoding=\"async\" class=\"aligncenter size-full wp-image-14849\" src=\"https:\/\/koylio-seura.fi\/wp-content\/uploads\/2025\/08\/kollaasi-osallistujista.jpeg\" alt=\"\" width=\"1000\" height=\"1000\" srcset=\"https:\/\/koylio-seura.fi\/wp-content\/uploads\/2025\/08\/kollaasi-osallistujista.jpeg 1000w, https:\/\/koylio-seura.fi\/wp-content\/uploads\/2025\/08\/kollaasi-osallistujista-300x300.jpeg 300w, https:\/\/koylio-seura.fi\/wp-content\/uploads\/2025\/08\/kollaasi-osallistujista-150x150.jpeg 150w, https:\/\/koylio-seura.fi\/wp-content\/uploads\/2025\/08\/kollaasi-osallistujista-768x768.jpeg 768w\" sizes=\"(max-width: 1000px) 100vw, 1000px\" \/><\/a>K\u00f6yli\u00f6n yst\u00e4v\u00e4t Raumalla Rauma Festivon Carpe diem -p\u00e4iv\u00e4n\u00e4 7.8.2025 nauttivat yhdess\u00e4olosta, tasatunnein soivista taidokkaista yll\u00e4tyskonserteista Vanhassa Raumassa ja mainioista Rauman oppaat ry:n oppaiden kertomuksista Vanhan Rauman kujilla.<\/div><\/div><div class=\"x14z9mp xat24cr x1lziwak x1vvkbs xtlvy1s x126k92a\"><div dir=\"auto\">Kontion kahvilassa aloitimme p\u00e4iv\u00e4n jo klo 10. Paikalla oli 17 K\u00f6yli\u00f6n yst\u00e4v\u00e4\u00e4. Hammarin Anja ja Erkki toivottivat meid\u00e4t tervetulleiksi. Kun kahvit ja herkulliset aamupalat oli sy\u00f6ty, Erkki kertoi p\u00e4iv\u00e4n ohjelmasta ja jakoi meille Carpe diem! -kartat. Ennen kuin l\u00e4hdimme konsertteihin, Marita Holkeri toi K\u00f6yli\u00f6-seuran terveiset ja esitteli K\u00f6yliist 19 -kirjan. K\u00f6yli\u00f6n murre ja kirjan upea sis\u00e4lt\u00f6 kirvoittivat vilkkaan keskustelun.<\/div><div dir=\"auto\">L\u00e4mpim\u00e4t kiitokset Hammarin pariskunnalle p\u00e4iv\u00e4n j\u00e4rjest\u00e4misest\u00e4 kuin my\u00f6s kaikille mukana olleille! Ensi vuonna taas &#8230;<\/div><div dir=\"auto\"><a href=\"https:\/\/koylio-seura.fi\/wp-content\/uploads\/2025\/08\/Kertomus-Rauman-ystavatapaamisesta-7.8.2025.pdf\" target=\"_blank\" rel=\"noopener\">Lis\u00e4\u00e4 kuvia ja teksti\u00e4 l\u00f6ytyy t\u00e4st\u00e4 linkist\u00e4<\/a><\/div><\/div><div class=\"x14z9mp xat24cr x1lziwak x1vvkbs xtlvy1s x126k92a\"><div dir=\"auto\">Teksti ja kuvat: Marita Holkeri<\/div><div dir=\"auto\"><a href=\"https:\/\/koylio-seura.fi\/wp-content\/uploads\/2025\/08\/20250807_105154.jpg\"><img decoding=\"async\" class=\"aligncenter wp-image-14857 size-full\" src=\"https:\/\/koylio-seura.fi\/wp-content\/uploads\/2025\/08\/20250807_105154.jpg\" alt=\"\" width=\"495\" height=\"879\" srcset=\"https:\/\/koylio-seura.fi\/wp-content\/uploads\/2025\/08\/20250807_105154.jpg 495w, https:\/\/koylio-seura.fi\/wp-content\/uploads\/2025\/08\/20250807_105154-169x300.jpg 169w\" sizes=\"(max-width: 495px) 100vw, 495px\" \/><\/a><\/div><div dir=\"auto\">Erkki johtaa porukkaa kohti yll\u00e4tyskonserttia, joka oli osoitteessa Kauppakatu 27. Esiintyj\u00e4ksi ilmestyi alttoviulisti Charlotta Westerback, joka soitti ohjelmistonsa erikoisuutena Ligetin s\u00e4velt\u00e4m\u00e4n C-kielen soiton.<\/div><div dir=\"auto\">\u00a0<\/div><div dir=\"auto\"><a href=\"https:\/\/koylio-seura.fi\/wp-content\/uploads\/2025\/08\/20250807_113303-1.jpg\"><img decoding=\"async\" class=\"aligncenter size-large wp-image-14858\" src=\"https:\/\/koylio-seura.fi\/wp-content\/uploads\/2025\/08\/20250807_113303-1-1024x577.jpg\" alt=\"\" width=\"1024\" height=\"577\" srcset=\"https:\/\/koylio-seura.fi\/wp-content\/uploads\/2025\/08\/20250807_113303-1-1024x577.jpg 1024w, https:\/\/koylio-seura.fi\/wp-content\/uploads\/2025\/08\/20250807_113303-1-300x169.jpg 300w, https:\/\/koylio-seura.fi\/wp-content\/uploads\/2025\/08\/20250807_113303-1-768x432.jpg 768w, https:\/\/koylio-seura.fi\/wp-content\/uploads\/2025\/08\/20250807_113303-1-1536x865.jpg 1536w, https:\/\/koylio-seura.fi\/wp-content\/uploads\/2025\/08\/20250807_113303-1.jpg 1561w\" sizes=\"(max-width: 1024px) 100vw, 1024px\" \/><\/a><\/div><div dir=\"auto\">Opastetut siirtymiset konserttikohteisiin olivat el\u00e4myksellisi\u00e4. V\u00e4ke\u00e4 liittyi mukaan runsaasti. K\u00f6yli\u00f6n yst\u00e4vi\u00e4 voi bongata t\u00e4st\u00e4kin kuvasta. Rauman oppaiden oppaat olivat erinomaisia.<\/div><div dir=\"auto\">\u00a0<\/div><div dir=\"auto\"><a href=\"https:\/\/koylio-seura.fi\/wp-content\/uploads\/2025\/08\/20250807_121144.jpg\"><img loading=\"lazy\" decoding=\"async\" class=\"aligncenter size-large wp-image-14860\" src=\"https:\/\/koylio-seura.fi\/wp-content\/uploads\/2025\/08\/20250807_121144.jpg\" alt=\"\" width=\"495\" height=\"879\" srcset=\"https:\/\/koylio-seura.fi\/wp-content\/uploads\/2025\/08\/20250807_121144.jpg 495w, https:\/\/koylio-seura.fi\/wp-content\/uploads\/2025\/08\/20250807_121144-169x300.jpg 169w\" sizes=\"(max-width: 495px) 100vw, 495px\" \/><\/a><\/div><div dir=\"auto\">Upea viuluduo Otto Antikainen ja Rebecca Roozeman tarjosivat kuulijoille todellisen taidenautinnon soittamalla runsaan ohjelmiston.<\/div><div dir=\"auto\">\u00a0<\/div><\/div><\/div>\n\t\t\t\t<\/div>\n\t\t\t\t\t\t\t<div class=\"elementor-accordion-item\">\n\t\t\t\t\t<div id=\"elementor-tab-title-2602\" class=\"elementor-tab-title\" data-tab=\"2\" role=\"button\" aria-controls=\"elementor-tab-content-2602\" aria-expanded=\"false\">\n\t\t\t\t\t\t\t\t\t\t\t\t\t<span class=\"elementor-accordion-icon elementor-accordion-icon-left\" aria-hidden=\"true\">\n\t\t\t\t\t\t\t\t\t\t\t\t\t\t\t<span class=\"elementor-accordion-icon-closed\"><i class=\"fas fa-plus\"><\/i><\/span>\n\t\t\t\t\t\t\t\t<span class=\"elementor-accordion-icon-opened\"><i class=\"fas fa-minus\"><\/i><\/span>\n\t\t\t\t\t\t\t\t\t\t\t\t\t\t<\/span>\n\t\t\t\t\t\t\t\t\t\t\t\t<a class=\"elementor-accordion-title\" tabindex=\"0\">Yst\u00e4v\u00e4tapaaminen Raumalla 8.8.2024 klo 10 Kontion kahvilassa Rauma Festivon Carpe diem! -p\u00e4iv\u00e4n\u00e4<\/a>\n\t\t\t\t\t<\/div>\n\t\t\t\t\t<div id=\"elementor-tab-content-2602\" class=\"elementor-tab-content elementor-clearfix\" data-tab=\"2\" role=\"region\" aria-labelledby=\"elementor-tab-title-2602\"><div class=\"xdj266r x11i5rnm xat24cr x1mh8g0r x1vvkbs x126k92a\" style=\"margin: 0px; overflow-wrap: break-word; white-space-collapse: preserve; font-family: 'Segoe UI Historic', 'Segoe UI', Helvetica, Arial, sans-serif; color: #050505; font-size: 15px;\"><div dir=\"auto\" style=\"font-family: inherit;\">Vanhan Rauman Kontion kahvilassa oli torstaiaamuna 8.8. jo klo 10 iloinen puheensorina, kun paikalla oli 22 K\u00f6yli\u00f6n yst\u00e4v\u00e4\u00e4.<\/div><div dir=\"auto\" style=\"font-family: inherit;\">Yst\u00e4v\u00e4tapaamisessa vaihdoimme kuulumisia ja nautimme Kontion kahvilan herkkuja.<\/div><div dir=\"auto\" style=\"font-family: inherit;\">Hammarin Erkki kertoi Rauma Festivon Carpe diem! -p\u00e4iv\u00e4n ohjelmasta. Ennen kuin l\u00e4hdimme Erkin johdolla Carpe diem -yll\u00e4tyskonsertteihin ja Carpe diem -k\u00e4velylle kauniissa Vanhassa Raumassa, Holkerin Marita kertoi K\u00f6yli\u00f6-seuran tuoreimpia kuulumisia. Jo 31.8. K\u00f6yli\u00f6-seura juhlii 15-vuotista yst\u00e4v\u00e4toimintaa.<\/div><\/div><div class=\"x11i5rnm xat24cr x1mh8g0r x1vvkbs xtlvy1s x126k92a\" style=\"margin: 0.5em 0px 0px; overflow-wrap: break-word; white-space-collapse: preserve; font-family: 'Segoe UI Historic', 'Segoe UI', Helvetica, Arial, sans-serif; color: #050505; font-size: 15px;\"><div dir=\"auto\" style=\"font-family: inherit;\">Carpe diem -p\u00e4iv\u00e4\u00e4 suosi aurinkoinen ja l\u00e4mmin s\u00e4\u00e4. Yll\u00e4tyskonsertit ja opastettu k\u00e4vely Vanhassa Raumassa tarjosi suurenmoisen kulttuuriel\u00e4myksen. Paljon kiitoksia kaikille mukana olleille ja Erkki Hammarille j\u00e4rjestelyist\u00e4!<\/div><div dir=\"auto\" style=\"font-family: inherit;\">\u00a0<\/div><div dir=\"auto\" style=\"font-family: inherit;\"><a href=\"https:\/\/koylio-seura.fi\/wp-content\/uploads\/2024\/08\/Muistio-Ystavatapaamisesta-Raumalla-8.8.2024.pdf\" target=\"_blank\" rel=\"noopener\">Muistio ja lis\u00e4\u00e4 kuvia yst\u00e4v\u00e4tapaamisesta t\u00e4st\u00e4 linkist\u00e4<\/a><\/div><div dir=\"auto\"><a href=\"https:\/\/koylio-seura.fi\/wp-content\/uploads\/2024\/08\/Koylion-ystavat-Kontion-kahvilassa-8.8.2024-2.jpg\"><img loading=\"lazy\" decoding=\"async\" class=\"size-large wp-image-9815\" src=\"https:\/\/koylio-seura.fi\/wp-content\/uploads\/2024\/08\/Koylion-ystavat-Kontion-kahvilassa-8.8.2024-2-1024x1024.jpg\" alt=\"\" width=\"1024\" height=\"1024\" srcset=\"https:\/\/koylio-seura.fi\/wp-content\/uploads\/2024\/08\/Koylion-ystavat-Kontion-kahvilassa-8.8.2024-2-1024x1024.jpg 1024w, https:\/\/koylio-seura.fi\/wp-content\/uploads\/2024\/08\/Koylion-ystavat-Kontion-kahvilassa-8.8.2024-2-300x300.jpg 300w, https:\/\/koylio-seura.fi\/wp-content\/uploads\/2024\/08\/Koylion-ystavat-Kontion-kahvilassa-8.8.2024-2-150x150.jpg 150w, https:\/\/koylio-seura.fi\/wp-content\/uploads\/2024\/08\/Koylion-ystavat-Kontion-kahvilassa-8.8.2024-2-768x768.jpg 768w, https:\/\/koylio-seura.fi\/wp-content\/uploads\/2024\/08\/Koylion-ystavat-Kontion-kahvilassa-8.8.2024-2.jpg 1200w\" sizes=\"(max-width: 1024px) 100vw, 1024px\" \/><\/a> K\u00f6yli\u00f6n yst\u00e4v\u00e4t Kontion kahvilassa<br \/>Kuva: Marita Holkeri<\/div><\/div><\/div>\n\t\t\t\t<\/div>\n\t\t\t\t\t\t\t\t<\/div>\n\t\t\t\t\t\t<\/div>\n\t\t\t\t<\/div>\n\t\t\t\t\t<\/div>\n\t\t<\/div>\n\t\t\t\t\t<\/div>\n\t\t<\/section>\n\t\t\t\t<\/div>\n\t\t","protected":false},"excerpt":{"rendered":"<p>7.8.2025 Yst\u00e4v\u00e4tapaaminen Raumalla klo 10 Kontion kahvilassa ja sitten Rauma Festivon Carpe-diem! -p\u00e4iv\u00e4n ohjelmat K\u00f6yli\u00f6n yst\u00e4v\u00e4t Raumalla Rauma Festivon Carpe diem -p\u00e4iv\u00e4n\u00e4 7.8.2025 nauttivat yhdess\u00e4olosta, tasatunnein soivista taidokkaista yll\u00e4tyskonserteista Vanhassa Raumassa ja mainioista Rauman oppaat ry:n oppaiden kertomuksista Vanhan Rauman &#8230; <a title=\"Pori-Rauman seutu\" class=\"read-more\" href=\"https:\/\/koylio-seura.fi\/?page_id=7671\" aria-label=\"Lue lis\u00e4\u00e4 aiheesta Pori-Rauman seutu\">Lue lis\u00e4\u00e4<\/a><\/p>\n","protected":false},"author":3,"featured_media":0,"parent":1485,"menu_order":0,"comment_status":"closed","ping_status":"closed","template":"","meta":{"footnotes":""},"class_list":{"0":"post-7671","1":"page","2":"type-page","3":"status-publish","5":"infinite-scroll-item"},"yoast_head":"<!-- This site is optimized with the Yoast SEO plugin v26.6 - https:\/\/yoast.com\/wordpress\/plugins\/seo\/ -->\n<title>Pori-Rauman seutu - K\u00f6yli\u00f6-seura<\/title>\n<meta name=\"robots\" content=\"index, follow, max-snippet:-1, max-image-preview:large, max-video-preview:-1\" \/>\n<link rel=\"canonical\" href=\"https:\/\/koylio-seura.fi\/?page_id=7671\" \/>\n<meta property=\"og:locale\" content=\"fi_FI\" \/>\n<meta property=\"og:type\" content=\"article\" \/>\n<meta property=\"og:title\" content=\"Pori-Rauman seutu - K\u00f6yli\u00f6-seura\" \/>\n<meta property=\"og:description\" content=\"7.8.2025 Yst\u00e4v\u00e4tapaaminen Raumalla klo 10 Kontion kahvilassa ja sitten Rauma Festivon Carpe-diem! -p\u00e4iv\u00e4n ohjelmat K\u00f6yli\u00f6n yst\u00e4v\u00e4t Raumalla Rauma Festivon Carpe diem -p\u00e4iv\u00e4n\u00e4 7.8.2025 nauttivat yhdess\u00e4olosta, tasatunnein soivista taidokkaista yll\u00e4tyskonserteista Vanhassa Raumassa ja mainioista Rauman oppaat ry:n oppaiden kertomuksista Vanhan Rauman ... Lue lis\u00e4\u00e4\" \/>\n<meta property=\"og:url\" content=\"https:\/\/koylio-seura.fi\/?page_id=7671\" \/>\n<meta property=\"og:site_name\" content=\"K\u00f6yli\u00f6-seura\" \/>\n<meta property=\"article:modified_time\" content=\"2025-08-11T09:22:16+00:00\" \/>\n<meta property=\"og:image\" content=\"https:\/\/koylio-seura.fi\/wp-content\/uploads\/2025\/08\/kollaasi-osallistujista.jpeg\" \/>\n\t<meta property=\"og:image:width\" content=\"1000\" \/>\n\t<meta property=\"og:image:height\" content=\"1000\" \/>\n\t<meta property=\"og:image:type\" content=\"image\/jpeg\" \/>\n<meta name=\"twitter:card\" content=\"summary_large_image\" \/>\n<meta name=\"twitter:label1\" content=\"Arvioitu lukuaika\" \/>\n\t<meta name=\"twitter:data1\" content=\"3 minuuttia\" \/>\n<script type=\"application\/ld+json\" class=\"yoast-schema-graph\">{\"@context\":\"https:\/\/schema.org\",\"@graph\":[{\"@type\":\"WebPage\",\"@id\":\"https:\/\/koylio-seura.fi\/?page_id=7671\",\"url\":\"https:\/\/koylio-seura.fi\/?page_id=7671\",\"name\":\"Pori-Rauman seutu - K\u00f6yli\u00f6-seura\",\"isPartOf\":{\"@id\":\"https:\/\/koylio-seura.fi\/#website\"},\"primaryImageOfPage\":{\"@id\":\"https:\/\/koylio-seura.fi\/?page_id=7671#primaryimage\"},\"image\":{\"@id\":\"https:\/\/koylio-seura.fi\/?page_id=7671#primaryimage\"},\"thumbnailUrl\":\"https:\/\/koylio-seura.fi\/wp-content\/uploads\/2025\/08\/kollaasi-osallistujista.jpeg\",\"datePublished\":\"2024-03-09T18:17:54+00:00\",\"dateModified\":\"2025-08-11T09:22:16+00:00\",\"breadcrumb\":{\"@id\":\"https:\/\/koylio-seura.fi\/?page_id=7671#breadcrumb\"},\"inLanguage\":\"fi\",\"potentialAction\":[{\"@type\":\"ReadAction\",\"target\":[\"https:\/\/koylio-seura.fi\/?page_id=7671\"]}]},{\"@type\":\"ImageObject\",\"inLanguage\":\"fi\",\"@id\":\"https:\/\/koylio-seura.fi\/?page_id=7671#primaryimage\",\"url\":\"https:\/\/koylio-seura.fi\/wp-content\/uploads\/2025\/08\/kollaasi-osallistujista.jpeg\",\"contentUrl\":\"https:\/\/koylio-seura.fi\/wp-content\/uploads\/2025\/08\/kollaasi-osallistujista.jpeg\"},{\"@type\":\"BreadcrumbList\",\"@id\":\"https:\/\/koylio-seura.fi\/?page_id=7671#breadcrumb\",\"itemListElement\":[{\"@type\":\"ListItem\",\"position\":1,\"name\":\"Etusivu\",\"item\":\"https:\/\/koylio-seura.fi\/\"},{\"@type\":\"ListItem\",\"position\":2,\"name\":\"K\u00f6yli\u00f6n yst\u00e4v\u00e4t\",\"item\":\"https:\/\/koylio-seura.fi\/?page_id=22\"},{\"@type\":\"ListItem\",\"position\":3,\"name\":\"Alueilla tapahtunutta\",\"item\":\"https:\/\/koylio-seura.fi\/?page_id=1485\"},{\"@type\":\"ListItem\",\"position\":4,\"name\":\"Pori-Rauman seutu\"}]},{\"@type\":\"WebSite\",\"@id\":\"https:\/\/koylio-seura.fi\/#website\",\"url\":\"https:\/\/koylio-seura.fi\/\",\"name\":\"K\u00f6yli\u00f6-seura\",\"description\":\"\",\"publisher\":{\"@id\":\"https:\/\/koylio-seura.fi\/#organization\"},\"potentialAction\":[{\"@type\":\"SearchAction\",\"target\":{\"@type\":\"EntryPoint\",\"urlTemplate\":\"https:\/\/koylio-seura.fi\/?s={search_term_string}\"},\"query-input\":{\"@type\":\"PropertyValueSpecification\",\"valueRequired\":true,\"valueName\":\"search_term_string\"}}],\"inLanguage\":\"fi\"},{\"@type\":\"Organization\",\"@id\":\"https:\/\/koylio-seura.fi\/#organization\",\"name\":\"K\u00f6yli\u00f6-seura\",\"url\":\"https:\/\/koylio-seura.fi\/\",\"logo\":{\"@type\":\"ImageObject\",\"inLanguage\":\"fi\",\"@id\":\"https:\/\/koylio-seura.fi\/#\/schema\/logo\/image\/\",\"url\":\"https:\/\/koylio-seura.fi\/wp-content\/uploads\/2023\/07\/cropped-KS-logo-23.png\",\"contentUrl\":\"https:\/\/koylio-seura.fi\/wp-content\/uploads\/2023\/07\/cropped-KS-logo-23.png\",\"width\":530,\"height\":619,\"caption\":\"K\u00f6yli\u00f6-seura\"},\"image\":{\"@id\":\"https:\/\/koylio-seura.fi\/#\/schema\/logo\/image\/\"}}]}<\/script>\n<!-- \/ Yoast SEO plugin. -->","yoast_head_json":{"title":"Pori-Rauman seutu - K\u00f6yli\u00f6-seura","robots":{"index":"index","follow":"follow","max-snippet":"max-snippet:-1","max-image-preview":"max-image-preview:large","max-video-preview":"max-video-preview:-1"},"canonical":"https:\/\/koylio-seura.fi\/?page_id=7671","og_locale":"fi_FI","og_type":"article","og_title":"Pori-Rauman seutu - K\u00f6yli\u00f6-seura","og_description":"7.8.2025 Yst\u00e4v\u00e4tapaaminen Raumalla klo 10 Kontion kahvilassa ja sitten Rauma Festivon Carpe-diem! -p\u00e4iv\u00e4n ohjelmat K\u00f6yli\u00f6n yst\u00e4v\u00e4t Raumalla Rauma Festivon Carpe diem -p\u00e4iv\u00e4n\u00e4 7.8.2025 nauttivat yhdess\u00e4olosta, tasatunnein soivista taidokkaista yll\u00e4tyskonserteista Vanhassa Raumassa ja mainioista Rauman oppaat ry:n oppaiden kertomuksista Vanhan Rauman ... Lue lis\u00e4\u00e4","og_url":"https:\/\/koylio-seura.fi\/?page_id=7671","og_site_name":"K\u00f6yli\u00f6-seura","article_modified_time":"2025-08-11T09:22:16+00:00","og_image":[{"width":1000,"height":1000,"url":"https:\/\/koylio-seura.fi\/wp-content\/uploads\/2025\/08\/kollaasi-osallistujista.jpeg","type":"image\/jpeg"}],"twitter_card":"summary_large_image","twitter_misc":{"Arvioitu lukuaika":"3 minuuttia"},"schema":{"@context":"https:\/\/schema.org","@graph":[{"@type":"WebPage","@id":"https:\/\/koylio-seura.fi\/?page_id=7671","url":"https:\/\/koylio-seura.fi\/?page_id=7671","name":"Pori-Rauman seutu - K\u00f6yli\u00f6-seura","isPartOf":{"@id":"https:\/\/koylio-seura.fi\/#website"},"primaryImageOfPage":{"@id":"https:\/\/koylio-seura.fi\/?page_id=7671#primaryimage"},"image":{"@id":"https:\/\/koylio-seura.fi\/?page_id=7671#primaryimage"},"thumbnailUrl":"https:\/\/koylio-seura.fi\/wp-content\/uploads\/2025\/08\/kollaasi-osallistujista.jpeg","datePublished":"2024-03-09T18:17:54+00:00","dateModified":"2025-08-11T09:22:16+00:00","breadcrumb":{"@id":"https:\/\/koylio-seura.fi\/?page_id=7671#breadcrumb"},"inLanguage":"fi","potentialAction":[{"@type":"ReadAction","target":["https:\/\/koylio-seura.fi\/?page_id=7671"]}]},{"@type":"ImageObject","inLanguage":"fi","@id":"https:\/\/koylio-seura.fi\/?page_id=7671#primaryimage","url":"https:\/\/koylio-seura.fi\/wp-content\/uploads\/2025\/08\/kollaasi-osallistujista.jpeg","contentUrl":"https:\/\/koylio-seura.fi\/wp-content\/uploads\/2025\/08\/kollaasi-osallistujista.jpeg"},{"@type":"BreadcrumbList","@id":"https:\/\/koylio-seura.fi\/?page_id=7671#breadcrumb","itemListElement":[{"@type":"ListItem","position":1,"name":"Etusivu","item":"https:\/\/koylio-seura.fi\/"},{"@type":"ListItem","position":2,"name":"K\u00f6yli\u00f6n yst\u00e4v\u00e4t","item":"https:\/\/koylio-seura.fi\/?page_id=22"},{"@type":"ListItem","position":3,"name":"Alueilla tapahtunutta","item":"https:\/\/koylio-seura.fi\/?page_id=1485"},{"@type":"ListItem","position":4,"name":"Pori-Rauman seutu"}]},{"@type":"WebSite","@id":"https:\/\/koylio-seura.fi\/#website","url":"https:\/\/koylio-seura.fi\/","name":"K\u00f6yli\u00f6-seura","description":"","publisher":{"@id":"https:\/\/koylio-seura.fi\/#organization"},"potentialAction":[{"@type":"SearchAction","target":{"@type":"EntryPoint","urlTemplate":"https:\/\/koylio-seura.fi\/?s={search_term_string}"},"query-input":{"@type":"PropertyValueSpecification","valueRequired":true,"valueName":"search_term_string"}}],"inLanguage":"fi"},{"@type":"Organization","@id":"https:\/\/koylio-seura.fi\/#organization","name":"K\u00f6yli\u00f6-seura","url":"https:\/\/koylio-seura.fi\/","logo":{"@type":"ImageObject","inLanguage":"fi","@id":"https:\/\/koylio-seura.fi\/#\/schema\/logo\/image\/","url":"https:\/\/koylio-seura.fi\/wp-content\/uploads\/2023\/07\/cropped-KS-logo-23.png","contentUrl":"https:\/\/koylio-seura.fi\/wp-content\/uploads\/2023\/07\/cropped-KS-logo-23.png","width":530,"height":619,"caption":"K\u00f6yli\u00f6-seura"},"image":{"@id":"https:\/\/koylio-seura.fi\/#\/schema\/logo\/image\/"}}]}},"_links":{"self":[{"href":"https:\/\/koylio-seura.fi\/index.php?rest_route=\/wp\/v2\/pages\/7671","targetHints":{"allow":["GET"]}}],"collection":[{"href":"https:\/\/koylio-seura.fi\/index.php?rest_route=\/wp\/v2\/pages"}],"about":[{"href":"https:\/\/koylio-seura.fi\/index.php?rest_route=\/wp\/v2\/types\/page"}],"author":[{"embeddable":true,"href":"https:\/\/koylio-seura.fi\/index.php?rest_route=\/wp\/v2\/users\/3"}],"replies":[{"embeddable":true,"href":"https:\/\/koylio-seura.fi\/index.php?rest_route=%2Fwp%2Fv2%2Fcomments&post=7671"}],"version-history":[{"count":19,"href":"https:\/\/koylio-seura.fi\/index.php?rest_route=\/wp\/v2\/pages\/7671\/revisions"}],"predecessor-version":[{"id":14868,"href":"https:\/\/koylio-seura.fi\/index.php?rest_route=\/wp\/v2\/pages\/7671\/revisions\/14868"}],"up":[{"embeddable":true,"href":"https:\/\/koylio-seura.fi\/index.php?rest_route=\/wp\/v2\/pages\/1485"}],"wp:attachment":[{"href":"https:\/\/koylio-seura.fi\/index.php?rest_route=%2Fwp%2Fv2%2Fmedia&parent=7671"}],"curies":[{"name":"wp","href":"https:\/\/api.w.org\/{rel}","templated":true}]}}