{"id":16014,"date":"2026-01-22T18:17:22","date_gmt":"2026-01-22T18:17:22","guid":{"rendered":"https:\/\/koylio-seura.fi\/?page_id=16014"},"modified":"2026-02-16T18:13:58","modified_gmt":"2026-02-16T18:13:58","slug":"nayttelyt","status":"publish","type":"page","link":"https:\/\/koylio-seura.fi\/?page_id=16014","title":{"rendered":"N\u00e4yttelyt"},"content":{"rendered":"\t\t<div data-elementor-type=\"wp-page\" data-elementor-id=\"16014\" class=\"elementor elementor-16014\" data-elementor-post-type=\"page\">\n\t\t\t\t\t\t<section class=\"elementor-section elementor-top-section elementor-element elementor-element-ffdb16d elementor-section-boxed elementor-section-height-default elementor-section-height-default\" data-id=\"ffdb16d\" data-element_type=\"section\">\n\t\t\t\t\t\t<div class=\"elementor-container elementor-column-gap-default\">\n\t\t\t\t\t<div class=\"elementor-column elementor-col-100 elementor-top-column elementor-element elementor-element-7fa9569\" data-id=\"7fa9569\" data-element_type=\"column\">\n\t\t\t<div class=\"elementor-widget-wrap elementor-element-populated\">\n\t\t\t\t\t\t<div class=\"elementor-element elementor-element-d8ba104 elementor-widget elementor-widget-accordion\" data-id=\"d8ba104\" data-element_type=\"widget\" data-widget_type=\"accordion.default\">\n\t\t\t\t<div class=\"elementor-widget-container\">\n\t\t\t\t\t\t\t<div class=\"elementor-accordion\">\n\t\t\t\t\t\t\t<div class=\"elementor-accordion-item\">\n\t\t\t\t\t<div id=\"elementor-tab-title-2271\" class=\"elementor-tab-title\" data-tab=\"1\" role=\"button\" aria-controls=\"elementor-tab-content-2271\" aria-expanded=\"false\">\n\t\t\t\t\t\t\t\t\t\t\t\t\t<span class=\"elementor-accordion-icon elementor-accordion-icon-left\" aria-hidden=\"true\">\n\t\t\t\t\t\t\t\t\t\t\t\t\t\t\t<span class=\"elementor-accordion-icon-closed\"><i class=\"fas fa-plus\"><\/i><\/span>\n\t\t\t\t\t\t\t\t<span class=\"elementor-accordion-icon-opened\"><i class=\"fas fa-minus\"><\/i><\/span>\n\t\t\t\t\t\t\t\t\t\t\t\t\t\t<\/span>\n\t\t\t\t\t\t\t\t\t\t\t\t<a class=\"elementor-accordion-title\" tabindex=\"0\">7.-30.1.2026 K\u00e4den ja silm\u00e4n lahja - Jaakko Ojalan muiston\u00e4yttely Euran p\u00e4\u00e4kirjastossa<\/a>\n\t\t\t\t\t<\/div>\n\t\t\t\t\t<div id=\"elementor-tab-content-2271\" class=\"elementor-tab-content elementor-clearfix\" data-tab=\"1\" role=\"region\" aria-labelledby=\"elementor-tab-title-2271\"><div class=\"xdj266r x14z9mp xat24cr x1lziwak x1vvkbs x126k92a\"><div dir=\"auto\">\ud835\udc09\ud835\udc1a\ud835\udc1a\ud835\udc24\ud835\udc28\ud835\udc27 \ud835\udc2f\ud835\udc1a\ud835\udc25\ud835\udc28\ud835\udc24\ud835\udc2e\ud835\udc2f\ud835\udc1a\ud835\udc2d\ud835\udc1e\ud835\udc28\ud835\udc24\ud835\udc2c\ud835\udc1e\ud835\udc2d \ud835\udc1e\ud835\udc2d\ud835\udc2c\ud835\udc22\ud835\udc2f\ud835\udc1a\u0308\ud835\udc2d \ud835\udc24\ud835\udc28\ud835\udc2d\ud835\udc22\ud835\udc1a<\/div><\/div><div class=\"x14z9mp xat24cr x1lziwak x1vvkbs xtlvy1s x126k92a\"><div dir=\"auto\">Euran p\u00e4\u00e4kirjastossa oli esill\u00e4 palkitun muotokuvaaja Jaakko Ojalan valokuvatauluja ja vedoksia. N\u00e4yttelyn avajaiset olivat 7.1. klo 12. K\u00f6yli\u00f6-seura oli valinnut Jaakon kokoelmasta n\u00e4yttelyyn noin 150 valokuvataulua.<\/div><\/div><div class=\"x14z9mp xat24cr x1lziwak x1vvkbs xtlvy1s x126k92a\"><div dir=\"auto\">Esill\u00e4 oli herttaisia lapsikuvia, muistorikkaita rippi- ja ylioppilaskuvia, h\u00e4\u00e4pareja sek\u00e4 kuvia k\u00e4sity\u00f6n taitajista ja taiteilijoista. Nyt n\u00e4m\u00e4 palkitun kuvaajan valokuvateokset etsiv\u00e4t \u201dkotia\u201d, sill\u00e4 ne eiv\u00e4t mahdu kotiseutuarkiston tiloihin ja niille ei ole tiedossa sijoituspaikkaa. P\u00e4\u00e4osa n\u00e4yttelyss\u00e4 olevista valokuvatauluista oli myynniss\u00e4. N\u00e4yttelyyn voi tutustua kirjaston aukioloaikoina 30. tammikuuta saakka.<\/div><\/div><div class=\"x14z9mp xat24cr x1lziwak x1vvkbs xtlvy1s x126k92a\"><div dir=\"auto\">Kuvista heijastuu Jaakon pehme\u00e4n l\u00e4mp\u00f6inen suhtautuminen malleihinsa, rakkaus ja kunnioitus ihmiseen ja h\u00e4nen yksil\u00f6llisyyteens\u00e4. Kuvan sommittelu ja valon suorastaan veistoksellinen k\u00e4ytt\u00f6 ovat h\u00e4nen muotokuvilleen tyypillisi\u00e4.<\/div><\/div><div class=\"x14z9mp xat24cr x1lziwak x1vvkbs xtlvy1s x126k92a\"><div dir=\"auto\">ma 19.1. klo 17-18 Kirjaston kokoushuoneessa Samuli Vahteristo esitteli kuvien kautta Jaakko Ojalan el\u00e4m\u00e4nty\u00f6t\u00e4 valokuvaajana ja kotiseuturakkaana ihmisen\u00e4.<\/div><div dir=\"auto\"><div dir=\"auto\">\ud835\udc09\ud835\udc1a\ud835\udc1a\ud835\udc24\ud835\udc24\ud835\udc28 \ud835\udc0e\ud835\udc23\ud835\udc1a\ud835\udc25\ud835\udc1a\ud835\udc27 \ud835\udc26\ud835\udc2e\ud835\udc22\ud835\udc2c\ud835\udc2d\ud835\udc28\ud835\udc27\ud835\udc1a\u0308\ud835\udc32\ud835\udc2d\ud835\udc2d\ud835\udc1e\ud835\udc25\ud835\udc32\ud835\udc27 \ud835\udc2c\ud835\udc2e\ud835\udc28\ud835\udc2c\ud835\udc22\ud835\udc28 \ud835\udc32\ud835\udc25\ud835\udc25\ud835\udc1a\u0308\ud835\udc2d\ud835\udc2d\ud835\udc22 \ud835\udc26\ud835\udc32\ud835\udc28\u0308\ud835\udc27\ud835\udc2d\ud835\udc1e\ud835\udc22\ud835\udc2c\ud835\udc1e\ud835\udc2c\ud835\udc2d\ud835\udc22<\/div><div dir=\"auto\">Tammikuun 7. p\u00e4iv\u00e4n\u00e4 Euran kirjastoon avatussa n\u00e4yttelyss\u00e4 k\u00e4vi noin 650 henkil\u00f6\u00e4 ihastelemassa mestarikuvaajan taidokkaita valokuvia. 19.1. kirjaston kokoustilaan ahtautui noin 40 henkil\u00f6\u00e4 kuulemaan Samuli Vahteriston pit\u00e4m\u00e4\u00e4 esitelm\u00e4\u00e4 Jaakon el\u00e4m\u00e4nty\u00f6st\u00e4 valokuvajana ja kotiseutukulttuurin tallentajana. P\u00e4\u00e4osa kuulijoista oli ollut kuvattavana Jaakolla ja he kertoivat omista muistorikkaista hetkist\u00e4 &#8221;mallina olemisesta&#8221;.<\/div><div dir=\"auto\">Tilaisuus oli l\u00e4mminhenkinen ja paikalla oli my\u00f6s Jaakon puoliso Seija, joka t\u00e4ydensi Samulin kertomaa.<\/div><\/div><\/div><div class=\"x14z9mp xat24cr x1lziwak x1vvkbs xtlvy1s x126k92a\"><div dir=\"auto\">Teksti: Samuli Vahteristo<\/div><\/div><p><img fetchpriority=\"high\" decoding=\"async\" class=\"alignright size-large wp-image-15749\" src=\"https:\/\/koylio-seura.fi\/wp-content\/uploads\/2025\/12\/Jaakko-Ojalan-muistonayttely-kotisivut-1024x576.png\" alt=\"\" width=\"1024\" height=\"576\" srcset=\"https:\/\/koylio-seura.fi\/wp-content\/uploads\/2025\/12\/Jaakko-Ojalan-muistonayttely-kotisivut-1024x576.png 1024w, https:\/\/koylio-seura.fi\/wp-content\/uploads\/2025\/12\/Jaakko-Ojalan-muistonayttely-kotisivut-300x169.png 300w, https:\/\/koylio-seura.fi\/wp-content\/uploads\/2025\/12\/Jaakko-Ojalan-muistonayttely-kotisivut-768x432.png 768w, https:\/\/koylio-seura.fi\/wp-content\/uploads\/2025\/12\/Jaakko-Ojalan-muistonayttely-kotisivut-1536x864.png 1536w, https:\/\/koylio-seura.fi\/wp-content\/uploads\/2025\/12\/Jaakko-Ojalan-muistonayttely-kotisivut.png 1920w\" sizes=\"(max-width: 1024px) 100vw, 1024px\" \/><\/p><\/div>\n\t\t\t\t<\/div>\n\t\t\t\t\t\t\t<div class=\"elementor-accordion-item\">\n\t\t\t\t\t<div id=\"elementor-tab-title-2272\" class=\"elementor-tab-title\" data-tab=\"2\" role=\"button\" aria-controls=\"elementor-tab-content-2272\" aria-expanded=\"false\">\n\t\t\t\t\t\t\t\t\t\t\t\t\t<span class=\"elementor-accordion-icon elementor-accordion-icon-left\" aria-hidden=\"true\">\n\t\t\t\t\t\t\t\t\t\t\t\t\t\t\t<span class=\"elementor-accordion-icon-closed\"><i class=\"fas fa-plus\"><\/i><\/span>\n\t\t\t\t\t\t\t\t<span class=\"elementor-accordion-icon-opened\"><i class=\"fas fa-minus\"><\/i><\/span>\n\t\t\t\t\t\t\t\t\t\t\t\t\t\t<\/span>\n\t\t\t\t\t\t\t\t\t\t\t\t<a class=\"elementor-accordion-title\" tabindex=\"0\">11.-13.7.2025 Jaakko Ojalan valokuvat - muiston\u00e4yttely \"K\u00e4den ja silm\u00e4n lahja\" Lallin koulussa<\/a>\n\t\t\t\t\t<\/div>\n\t\t\t\t\t<div id=\"elementor-tab-content-2272\" class=\"elementor-tab-content elementor-clearfix\" data-tab=\"2\" role=\"region\" aria-labelledby=\"elementor-tab-title-2272\"><p><a href=\"https:\/\/koylio-seura.fi\/wp-content\/uploads\/2026\/02\/Kutsu-II-valokuvanayttelyyn.jpg\"><img decoding=\"async\" class=\"alignright size-large wp-image-16138\" src=\"https:\/\/koylio-seura.fi\/wp-content\/uploads\/2026\/02\/Kutsu-II-valokuvanayttelyyn-1024x576.jpg\" alt=\"\" width=\"1024\" height=\"576\" srcset=\"https:\/\/koylio-seura.fi\/wp-content\/uploads\/2026\/02\/Kutsu-II-valokuvanayttelyyn-1024x576.jpg 1024w, https:\/\/koylio-seura.fi\/wp-content\/uploads\/2026\/02\/Kutsu-II-valokuvanayttelyyn-300x169.jpg 300w, https:\/\/koylio-seura.fi\/wp-content\/uploads\/2026\/02\/Kutsu-II-valokuvanayttelyyn-768x432.jpg 768w, https:\/\/koylio-seura.fi\/wp-content\/uploads\/2026\/02\/Kutsu-II-valokuvanayttelyyn.jpg 1280w\" sizes=\"(max-width: 1024px) 100vw, 1024px\" \/><\/a>Haitarin sis\u00e4lt\u00f6<\/p><\/div>\n\t\t\t\t<\/div>\n\t\t\t\t\t\t\t<div class=\"elementor-accordion-item\">\n\t\t\t\t\t<div id=\"elementor-tab-title-2273\" class=\"elementor-tab-title\" data-tab=\"3\" role=\"button\" aria-controls=\"elementor-tab-content-2273\" aria-expanded=\"false\">\n\t\t\t\t\t\t\t\t\t\t\t\t\t<span class=\"elementor-accordion-icon elementor-accordion-icon-left\" aria-hidden=\"true\">\n\t\t\t\t\t\t\t\t\t\t\t\t\t\t\t<span class=\"elementor-accordion-icon-closed\"><i class=\"fas fa-plus\"><\/i><\/span>\n\t\t\t\t\t\t\t\t<span class=\"elementor-accordion-icon-opened\"><i class=\"fas fa-minus\"><\/i><\/span>\n\t\t\t\t\t\t\t\t\t\t\t\t\t\t<\/span>\n\t\t\t\t\t\t\t\t\t\t\t\t<a class=\"elementor-accordion-title\" tabindex=\"0\">2.-3.7.2022 Koululaisten piirustukset esill\u00e4 Lallintalossa<\/a>\n\t\t\t\t\t<\/div>\n\t\t\t\t\t<div id=\"elementor-tab-content-2273\" class=\"elementor-tab-content elementor-clearfix\" data-tab=\"3\" role=\"region\" aria-labelledby=\"elementor-tab-title-2273\"><p><a href=\"https:\/\/koylio-seura.fi\/wp-content\/uploads\/2026\/02\/Screenshot-2026-02-16-180244.png\"><img decoding=\"async\" class=\"aligncenter size-full wp-image-16251\" src=\"https:\/\/koylio-seura.fi\/wp-content\/uploads\/2026\/02\/Screenshot-2026-02-16-180244.png\" alt=\"\" width=\"646\" height=\"263\" srcset=\"https:\/\/koylio-seura.fi\/wp-content\/uploads\/2026\/02\/Screenshot-2026-02-16-180244.png 646w, https:\/\/koylio-seura.fi\/wp-content\/uploads\/2026\/02\/Screenshot-2026-02-16-180244-300x122.png 300w\" sizes=\"(max-width: 646px) 100vw, 646px\" \/><\/a>K\u00f6yli\u00f6-seura j\u00e4rjesti S\u00e4kyl\u00e4n kouluissa kev\u00e4\u00e4n 2022 aikana piirustuskilpailun aiheena \u201dKotiseutuni\u201d. Parhaiksi arvioidut piirrokset olivat esill\u00e4 Lallintalolla 2.-3.7. Parhaat palkittiin Kotiseutujuhlassa 3.7. Palkintoja lahjoitti S\u00e4kyl\u00e4n Kirjakauppa ja K\u00f6yli\u00f6-seura. <a href=\"https:\/\/koylio-seura.fi\/wp-content\/uploads\/2026\/02\/Piirustuskilpailu-1.pdf\" target=\"_blank\" rel=\"noopener\">T\u00e4ss\u00e4 ohjeet piirustuskilpailuun osallistumiseen.<\/a><\/p><p><div id='gallery-1' class='gallery galleryid-16014 gallery-columns-3 gallery-size-thumbnail'><figure class='gallery-item'>\n\t\t\t<div class='gallery-icon landscape'>\n\t\t\t\t<a href='https:\/\/koylio-seura.fi\/?attachment_id=16252'><img loading=\"lazy\" decoding=\"async\" width=\"150\" height=\"150\" src=\"https:\/\/koylio-seura.fi\/wp-content\/uploads\/2026\/02\/P1250706-150x150.jpg\" class=\"attachment-thumbnail size-thumbnail\" alt=\"\" \/><\/a>\n\t\t\t<\/div><\/figure><figure class='gallery-item'>\n\t\t\t<div class='gallery-icon landscape'>\n\t\t\t\t<a href='https:\/\/koylio-seura.fi\/?attachment_id=16253'><img loading=\"lazy\" decoding=\"async\" width=\"150\" height=\"150\" src=\"https:\/\/koylio-seura.fi\/wp-content\/uploads\/2026\/02\/P1250653-150x150.jpg\" class=\"attachment-thumbnail size-thumbnail\" alt=\"\" \/><\/a>\n\t\t\t<\/div><\/figure><figure class='gallery-item'>\n\t\t\t<div class='gallery-icon landscape'>\n\t\t\t\t<a href='https:\/\/koylio-seura.fi\/?attachment_id=16254'><img loading=\"lazy\" decoding=\"async\" width=\"150\" height=\"150\" src=\"https:\/\/koylio-seura.fi\/wp-content\/uploads\/2026\/02\/P1250707-150x150.jpg\" class=\"attachment-thumbnail size-thumbnail\" alt=\"\" \/><\/a>\n\t\t\t<\/div><\/figure>\n\t\t<\/div>\n<\/p><p><div id='gallery-2' class='gallery galleryid-16014 gallery-columns-3 gallery-size-thumbnail'><figure class='gallery-item'>\n\t\t\t<div class='gallery-icon portrait'>\n\t\t\t\t<a href='https:\/\/koylio-seura.fi\/?attachment_id=16268'><img loading=\"lazy\" decoding=\"async\" width=\"150\" height=\"150\" src=\"https:\/\/koylio-seura.fi\/wp-content\/uploads\/2026\/02\/Piirustuskilpailu-2022-toiden-arviointia--150x150.jpg\" class=\"attachment-thumbnail size-thumbnail\" alt=\"\" \/><\/a>\n\t\t\t<\/div><\/figure><figure class='gallery-item'>\n\t\t\t<div class='gallery-icon landscape'>\n\t\t\t\t<a href='https:\/\/koylio-seura.fi\/?attachment_id=16267'><img loading=\"lazy\" decoding=\"async\" width=\"150\" height=\"150\" src=\"https:\/\/koylio-seura.fi\/wp-content\/uploads\/2026\/02\/Piirustuskilpailu-2022-150x150.jpg\" class=\"attachment-thumbnail size-thumbnail\" alt=\"\" \/><\/a>\n\t\t\t<\/div><\/figure><figure class='gallery-item'>\n\t\t\t<div class='gallery-icon landscape'>\n\t\t\t\t<a href='https:\/\/koylio-seura.fi\/?attachment_id=16266'><img loading=\"lazy\" decoding=\"async\" width=\"150\" height=\"150\" src=\"https:\/\/koylio-seura.fi\/wp-content\/uploads\/2026\/02\/Piirustuskilpailu-2022-5.-6.-luokkalaisten-piirustukset-150x150.jpg\" class=\"attachment-thumbnail size-thumbnail\" alt=\"\" \/><\/a>\n\t\t\t<\/div><\/figure>\n\t\t<\/div>\n<\/p><\/div>\n\t\t\t\t<\/div>\n\t\t\t\t\t\t\t<div class=\"elementor-accordion-item\">\n\t\t\t\t\t<div id=\"elementor-tab-title-2274\" class=\"elementor-tab-title\" data-tab=\"4\" role=\"button\" aria-controls=\"elementor-tab-content-2274\" aria-expanded=\"false\">\n\t\t\t\t\t\t\t\t\t\t\t\t\t<span class=\"elementor-accordion-icon elementor-accordion-icon-left\" aria-hidden=\"true\">\n\t\t\t\t\t\t\t\t\t\t\t\t\t\t\t<span class=\"elementor-accordion-icon-closed\"><i class=\"fas fa-plus\"><\/i><\/span>\n\t\t\t\t\t\t\t\t<span class=\"elementor-accordion-icon-opened\"><i class=\"fas fa-minus\"><\/i><\/span>\n\t\t\t\t\t\t\t\t\t\t\t\t\t\t<\/span>\n\t\t\t\t\t\t\t\t\t\t\t\t<a class=\"elementor-accordion-title\" tabindex=\"0\">8.-15.8.2020 K\u00f6yli\u00f6-seura 20 vuotta kotiseudun parhaaksi -kuvia ja lehtileikkeit\u00e4 n\u00e4yttely Lallin Galleriassa Kepolassa<\/a>\n\t\t\t\t\t<\/div>\n\t\t\t\t\t<div id=\"elementor-tab-content-2274\" class=\"elementor-tab-content elementor-clearfix\" data-tab=\"4\" role=\"region\" aria-labelledby=\"elementor-tab-title-2274\"><p><a href=\"https:\/\/koylio-seura.fi\/wp-content\/uploads\/2026\/02\/8.8.2020-Lallin-Galleriassa-K-s-nayttely-scaled.jpg\"><img loading=\"lazy\" decoding=\"async\" class=\"alignright size-large wp-image-16146\" src=\"https:\/\/koylio-seura.fi\/wp-content\/uploads\/2026\/02\/8.8.2020-Lallin-Galleriassa-K-s-nayttely-1024x576.jpg\" alt=\"\" width=\"1024\" height=\"576\" srcset=\"https:\/\/koylio-seura.fi\/wp-content\/uploads\/2026\/02\/8.8.2020-Lallin-Galleriassa-K-s-nayttely-1024x576.jpg 1024w, https:\/\/koylio-seura.fi\/wp-content\/uploads\/2026\/02\/8.8.2020-Lallin-Galleriassa-K-s-nayttely-300x169.jpg 300w, https:\/\/koylio-seura.fi\/wp-content\/uploads\/2026\/02\/8.8.2020-Lallin-Galleriassa-K-s-nayttely-768x432.jpg 768w, https:\/\/koylio-seura.fi\/wp-content\/uploads\/2026\/02\/8.8.2020-Lallin-Galleriassa-K-s-nayttely-1536x864.jpg 1536w, https:\/\/koylio-seura.fi\/wp-content\/uploads\/2026\/02\/8.8.2020-Lallin-Galleriassa-K-s-nayttely-2048x1152.jpg 2048w\" sizes=\"(max-width: 1024px) 100vw, 1024px\" \/><\/a><\/p><p>Kuva: Marita Holkeri<\/p><\/div>\n\t\t\t\t<\/div>\n\t\t\t\t\t\t\t\t<\/div>\n\t\t\t\t\t\t<\/div>\n\t\t\t\t<\/div>\n\t\t\t\t\t<\/div>\n\t\t<\/div>\n\t\t\t\t\t<\/div>\n\t\t<\/section>\n\t\t\t\t<\/div>\n\t\t","protected":false},"excerpt":{"rendered":"<p>7.-30.1.2026 K\u00e4den ja silm\u00e4n lahja &#8211; Jaakko Ojalan muiston\u00e4yttely Euran p\u00e4\u00e4kirjastossa \ud835\udc09\ud835\udc1a\ud835\udc1a\ud835\udc24\ud835\udc28\ud835\udc27 \ud835\udc2f\ud835\udc1a\ud835\udc25\ud835\udc28\ud835\udc24\ud835\udc2e\ud835\udc2f\ud835\udc1a\ud835\udc2d\ud835\udc1e\ud835\udc28\ud835\udc24\ud835\udc2c\ud835\udc1e\ud835\udc2d \ud835\udc1e\ud835\udc2d\ud835\udc2c\ud835\udc22\ud835\udc2f\ud835\udc1a\u0308\ud835\udc2d \ud835\udc24\ud835\udc28\ud835\udc2d\ud835\udc22\ud835\udc1aEuran p\u00e4\u00e4kirjastossa oli esill\u00e4 palkitun muotokuvaaja Jaakko Ojalan valokuvatauluja ja vedoksia. N\u00e4yttelyn avajaiset olivat 7.1. klo 12. K\u00f6yli\u00f6-seura oli valinnut Jaakon kokoelmasta n\u00e4yttelyyn noin 150 valokuvataulua.Esill\u00e4 &#8230; <a title=\"N\u00e4yttelyt\" class=\"read-more\" href=\"https:\/\/koylio-seura.fi\/?page_id=16014\" aria-label=\"Lue lis\u00e4\u00e4 aiheesta N\u00e4yttelyt\">Lue lis\u00e4\u00e4<\/a><\/p>\n","protected":false},"author":3,"featured_media":0,"parent":370,"menu_order":0,"comment_status":"closed","ping_status":"closed","template":"","meta":{"footnotes":""},"class_list":{"0":"post-16014","1":"page","2":"type-page","3":"status-publish","5":"infinite-scroll-item"},"yoast_head":"<!-- This site is optimized with the Yoast SEO plugin v26.6 - https:\/\/yoast.com\/wordpress\/plugins\/seo\/ -->\n<title>N\u00e4yttelyt - K\u00f6yli\u00f6-seura<\/title>\n<meta name=\"robots\" content=\"index, follow, max-snippet:-1, max-image-preview:large, max-video-preview:-1\" \/>\n<link rel=\"canonical\" href=\"https:\/\/koylio-seura.fi\/?page_id=16014\" \/>\n<meta property=\"og:locale\" content=\"fi_FI\" \/>\n<meta property=\"og:type\" content=\"article\" \/>\n<meta property=\"og:title\" content=\"N\u00e4yttelyt - K\u00f6yli\u00f6-seura\" \/>\n<meta property=\"og:description\" content=\"7.-30.1.2026 K\u00e4den ja silm\u00e4n lahja &#8211; Jaakko Ojalan muiston\u00e4yttely Euran p\u00e4\u00e4kirjastossa \ud835\udc09\ud835\udc1a\ud835\udc1a\ud835\udc24\ud835\udc28\ud835\udc27 \ud835\udc2f\ud835\udc1a\ud835\udc25\ud835\udc28\ud835\udc24\ud835\udc2e\ud835\udc2f\ud835\udc1a\ud835\udc2d\ud835\udc1e\ud835\udc28\ud835\udc24\ud835\udc2c\ud835\udc1e\ud835\udc2d \ud835\udc1e\ud835\udc2d\ud835\udc2c\ud835\udc22\ud835\udc2f\ud835\udc1a\u0308\ud835\udc2d \ud835\udc24\ud835\udc28\ud835\udc2d\ud835\udc22\ud835\udc1aEuran p\u00e4\u00e4kirjastossa oli esill\u00e4 palkitun muotokuvaaja Jaakko Ojalan valokuvatauluja ja vedoksia. N\u00e4yttelyn avajaiset olivat 7.1. klo 12. K\u00f6yli\u00f6-seura oli valinnut Jaakon kokoelmasta n\u00e4yttelyyn noin 150 valokuvataulua.Esill\u00e4 ... Lue lis\u00e4\u00e4\" \/>\n<meta property=\"og:url\" content=\"https:\/\/koylio-seura.fi\/?page_id=16014\" \/>\n<meta property=\"og:site_name\" content=\"K\u00f6yli\u00f6-seura\" \/>\n<meta property=\"article:modified_time\" content=\"2026-02-16T18:13:58+00:00\" \/>\n<meta property=\"og:image\" content=\"https:\/\/koylio-seura.fi\/wp-content\/uploads\/2025\/12\/Jaakko-Ojalan-muistonayttely-kotisivut-1024x576.png\" \/>\n\t<meta property=\"og:image:width\" content=\"1024\" \/>\n\t<meta property=\"og:image:height\" content=\"576\" \/>\n\t<meta property=\"og:image:type\" content=\"image\/png\" \/>\n<meta name=\"twitter:card\" content=\"summary_large_image\" \/>\n<meta name=\"twitter:label1\" content=\"Arvioitu lukuaika\" \/>\n\t<meta name=\"twitter:data1\" content=\"3 minuuttia\" \/>\n<script type=\"application\/ld+json\" class=\"yoast-schema-graph\">{\"@context\":\"https:\/\/schema.org\",\"@graph\":[{\"@type\":\"WebPage\",\"@id\":\"https:\/\/koylio-seura.fi\/?page_id=16014\",\"url\":\"https:\/\/koylio-seura.fi\/?page_id=16014\",\"name\":\"N\u00e4yttelyt - K\u00f6yli\u00f6-seura\",\"isPartOf\":{\"@id\":\"https:\/\/koylio-seura.fi\/#website\"},\"primaryImageOfPage\":{\"@id\":\"https:\/\/koylio-seura.fi\/?page_id=16014#primaryimage\"},\"image\":{\"@id\":\"https:\/\/koylio-seura.fi\/?page_id=16014#primaryimage\"},\"thumbnailUrl\":\"https:\/\/koylio-seura.fi\/wp-content\/uploads\/2025\/12\/Jaakko-Ojalan-muistonayttely-kotisivut-1024x576.png\",\"datePublished\":\"2026-01-22T18:17:22+00:00\",\"dateModified\":\"2026-02-16T18:13:58+00:00\",\"breadcrumb\":{\"@id\":\"https:\/\/koylio-seura.fi\/?page_id=16014#breadcrumb\"},\"inLanguage\":\"fi\",\"potentialAction\":[{\"@type\":\"ReadAction\",\"target\":[\"https:\/\/koylio-seura.fi\/?page_id=16014\"]}]},{\"@type\":\"ImageObject\",\"inLanguage\":\"fi\",\"@id\":\"https:\/\/koylio-seura.fi\/?page_id=16014#primaryimage\",\"url\":\"https:\/\/koylio-seura.fi\/wp-content\/uploads\/2025\/12\/Jaakko-Ojalan-muistonayttely-kotisivut.png\",\"contentUrl\":\"https:\/\/koylio-seura.fi\/wp-content\/uploads\/2025\/12\/Jaakko-Ojalan-muistonayttely-kotisivut.png\",\"width\":1920,\"height\":1080},{\"@type\":\"BreadcrumbList\",\"@id\":\"https:\/\/koylio-seura.fi\/?page_id=16014#breadcrumb\",\"itemListElement\":[{\"@type\":\"ListItem\",\"position\":1,\"name\":\"Etusivu\",\"item\":\"https:\/\/koylio-seura.fi\/\"},{\"@type\":\"ListItem\",\"position\":2,\"name\":\"Tapahtunutta\",\"item\":\"https:\/\/koylio-seura.fi\/?page_id=370\"},{\"@type\":\"ListItem\",\"position\":3,\"name\":\"N\u00e4yttelyt\"}]},{\"@type\":\"WebSite\",\"@id\":\"https:\/\/koylio-seura.fi\/#website\",\"url\":\"https:\/\/koylio-seura.fi\/\",\"name\":\"K\u00f6yli\u00f6-seura\",\"description\":\"\",\"publisher\":{\"@id\":\"https:\/\/koylio-seura.fi\/#organization\"},\"potentialAction\":[{\"@type\":\"SearchAction\",\"target\":{\"@type\":\"EntryPoint\",\"urlTemplate\":\"https:\/\/koylio-seura.fi\/?s={search_term_string}\"},\"query-input\":{\"@type\":\"PropertyValueSpecification\",\"valueRequired\":true,\"valueName\":\"search_term_string\"}}],\"inLanguage\":\"fi\"},{\"@type\":\"Organization\",\"@id\":\"https:\/\/koylio-seura.fi\/#organization\",\"name\":\"K\u00f6yli\u00f6-seura\",\"url\":\"https:\/\/koylio-seura.fi\/\",\"logo\":{\"@type\":\"ImageObject\",\"inLanguage\":\"fi\",\"@id\":\"https:\/\/koylio-seura.fi\/#\/schema\/logo\/image\/\",\"url\":\"https:\/\/koylio-seura.fi\/wp-content\/uploads\/2023\/07\/cropped-KS-logo-23.png\",\"contentUrl\":\"https:\/\/koylio-seura.fi\/wp-content\/uploads\/2023\/07\/cropped-KS-logo-23.png\",\"width\":530,\"height\":619,\"caption\":\"K\u00f6yli\u00f6-seura\"},\"image\":{\"@id\":\"https:\/\/koylio-seura.fi\/#\/schema\/logo\/image\/\"}}]}<\/script>\n<!-- \/ Yoast SEO plugin. -->","yoast_head_json":{"title":"N\u00e4yttelyt - K\u00f6yli\u00f6-seura","robots":{"index":"index","follow":"follow","max-snippet":"max-snippet:-1","max-image-preview":"max-image-preview:large","max-video-preview":"max-video-preview:-1"},"canonical":"https:\/\/koylio-seura.fi\/?page_id=16014","og_locale":"fi_FI","og_type":"article","og_title":"N\u00e4yttelyt - K\u00f6yli\u00f6-seura","og_description":"7.-30.1.2026 K\u00e4den ja silm\u00e4n lahja &#8211; Jaakko Ojalan muiston\u00e4yttely Euran p\u00e4\u00e4kirjastossa \ud835\udc09\ud835\udc1a\ud835\udc1a\ud835\udc24\ud835\udc28\ud835\udc27 \ud835\udc2f\ud835\udc1a\ud835\udc25\ud835\udc28\ud835\udc24\ud835\udc2e\ud835\udc2f\ud835\udc1a\ud835\udc2d\ud835\udc1e\ud835\udc28\ud835\udc24\ud835\udc2c\ud835\udc1e\ud835\udc2d \ud835\udc1e\ud835\udc2d\ud835\udc2c\ud835\udc22\ud835\udc2f\ud835\udc1a\u0308\ud835\udc2d \ud835\udc24\ud835\udc28\ud835\udc2d\ud835\udc22\ud835\udc1aEuran p\u00e4\u00e4kirjastossa oli esill\u00e4 palkitun muotokuvaaja Jaakko Ojalan valokuvatauluja ja vedoksia. N\u00e4yttelyn avajaiset olivat 7.1. klo 12. K\u00f6yli\u00f6-seura oli valinnut Jaakon kokoelmasta n\u00e4yttelyyn noin 150 valokuvataulua.Esill\u00e4 ... Lue lis\u00e4\u00e4","og_url":"https:\/\/koylio-seura.fi\/?page_id=16014","og_site_name":"K\u00f6yli\u00f6-seura","article_modified_time":"2026-02-16T18:13:58+00:00","og_image":[{"width":1024,"height":576,"url":"https:\/\/koylio-seura.fi\/wp-content\/uploads\/2025\/12\/Jaakko-Ojalan-muistonayttely-kotisivut-1024x576.png","type":"image\/png"}],"twitter_card":"summary_large_image","twitter_misc":{"Arvioitu lukuaika":"3 minuuttia"},"schema":{"@context":"https:\/\/schema.org","@graph":[{"@type":"WebPage","@id":"https:\/\/koylio-seura.fi\/?page_id=16014","url":"https:\/\/koylio-seura.fi\/?page_id=16014","name":"N\u00e4yttelyt - K\u00f6yli\u00f6-seura","isPartOf":{"@id":"https:\/\/koylio-seura.fi\/#website"},"primaryImageOfPage":{"@id":"https:\/\/koylio-seura.fi\/?page_id=16014#primaryimage"},"image":{"@id":"https:\/\/koylio-seura.fi\/?page_id=16014#primaryimage"},"thumbnailUrl":"https:\/\/koylio-seura.fi\/wp-content\/uploads\/2025\/12\/Jaakko-Ojalan-muistonayttely-kotisivut-1024x576.png","datePublished":"2026-01-22T18:17:22+00:00","dateModified":"2026-02-16T18:13:58+00:00","breadcrumb":{"@id":"https:\/\/koylio-seura.fi\/?page_id=16014#breadcrumb"},"inLanguage":"fi","potentialAction":[{"@type":"ReadAction","target":["https:\/\/koylio-seura.fi\/?page_id=16014"]}]},{"@type":"ImageObject","inLanguage":"fi","@id":"https:\/\/koylio-seura.fi\/?page_id=16014#primaryimage","url":"https:\/\/koylio-seura.fi\/wp-content\/uploads\/2025\/12\/Jaakko-Ojalan-muistonayttely-kotisivut.png","contentUrl":"https:\/\/koylio-seura.fi\/wp-content\/uploads\/2025\/12\/Jaakko-Ojalan-muistonayttely-kotisivut.png","width":1920,"height":1080},{"@type":"BreadcrumbList","@id":"https:\/\/koylio-seura.fi\/?page_id=16014#breadcrumb","itemListElement":[{"@type":"ListItem","position":1,"name":"Etusivu","item":"https:\/\/koylio-seura.fi\/"},{"@type":"ListItem","position":2,"name":"Tapahtunutta","item":"https:\/\/koylio-seura.fi\/?page_id=370"},{"@type":"ListItem","position":3,"name":"N\u00e4yttelyt"}]},{"@type":"WebSite","@id":"https:\/\/koylio-seura.fi\/#website","url":"https:\/\/koylio-seura.fi\/","name":"K\u00f6yli\u00f6-seura","description":"","publisher":{"@id":"https:\/\/koylio-seura.fi\/#organization"},"potentialAction":[{"@type":"SearchAction","target":{"@type":"EntryPoint","urlTemplate":"https:\/\/koylio-seura.fi\/?s={search_term_string}"},"query-input":{"@type":"PropertyValueSpecification","valueRequired":true,"valueName":"search_term_string"}}],"inLanguage":"fi"},{"@type":"Organization","@id":"https:\/\/koylio-seura.fi\/#organization","name":"K\u00f6yli\u00f6-seura","url":"https:\/\/koylio-seura.fi\/","logo":{"@type":"ImageObject","inLanguage":"fi","@id":"https:\/\/koylio-seura.fi\/#\/schema\/logo\/image\/","url":"https:\/\/koylio-seura.fi\/wp-content\/uploads\/2023\/07\/cropped-KS-logo-23.png","contentUrl":"https:\/\/koylio-seura.fi\/wp-content\/uploads\/2023\/07\/cropped-KS-logo-23.png","width":530,"height":619,"caption":"K\u00f6yli\u00f6-seura"},"image":{"@id":"https:\/\/koylio-seura.fi\/#\/schema\/logo\/image\/"}}]}},"_links":{"self":[{"href":"https:\/\/koylio-seura.fi\/index.php?rest_route=\/wp\/v2\/pages\/16014","targetHints":{"allow":["GET"]}}],"collection":[{"href":"https:\/\/koylio-seura.fi\/index.php?rest_route=\/wp\/v2\/pages"}],"about":[{"href":"https:\/\/koylio-seura.fi\/index.php?rest_route=\/wp\/v2\/types\/page"}],"author":[{"embeddable":true,"href":"https:\/\/koylio-seura.fi\/index.php?rest_route=\/wp\/v2\/users\/3"}],"replies":[{"embeddable":true,"href":"https:\/\/koylio-seura.fi\/index.php?rest_route=%2Fwp%2Fv2%2Fcomments&post=16014"}],"version-history":[{"count":31,"href":"https:\/\/koylio-seura.fi\/index.php?rest_route=\/wp\/v2\/pages\/16014\/revisions"}],"predecessor-version":[{"id":16272,"href":"https:\/\/koylio-seura.fi\/index.php?rest_route=\/wp\/v2\/pages\/16014\/revisions\/16272"}],"up":[{"embeddable":true,"href":"https:\/\/koylio-seura.fi\/index.php?rest_route=\/wp\/v2\/pages\/370"}],"wp:attachment":[{"href":"https:\/\/koylio-seura.fi\/index.php?rest_route=%2Fwp%2Fv2%2Fmedia&parent=16014"}],"curies":[{"name":"wp","href":"https:\/\/api.w.org\/{rel}","templated":true}]}}